{"id":84,"date":"2026-05-06T05:21:51","date_gmt":"2026-05-06T03:21:51","guid":{"rendered":"https:\/\/dermavita.tn\/?post_type=product&#038;p=84"},"modified":"2026-05-06T05:21:51","modified_gmt":"2026-05-06T03:21:51","slug":"la-roche-posay-effaclar-gel-moussant-purifiant-400ml","status":"publish","type":"product","link":"https:\/\/dermavita.tn\/?product=la-roche-posay-effaclar-gel-moussant-purifiant-400ml","title":{"rendered":"La Roche-Posay &#8211; Effaclar Gel Moussant Purifiant (400ml)"},"content":{"rendered":"<p>Nettoie en douceur, \u00e9limine les impuret\u00e9s et r\u00e9duit l&rsquo;exc\u00e8s de s\u00e9bum sans dess\u00e9cher. Sa formule \u00e9quilibre le pH de la peau pour r\u00e9duire les imperfections.<br \/>\n* Type de peau : Peaux grasses, sensibles et \u00e0 tendance acn\u00e9ique.<br \/>\n* B\u00e9n\u00e9fices : Purifie intens\u00e9ment et respecte l&rsquo;\u00e9quilibre cutan\u00e9.<br \/>\n* S\u00e9curit\u00e9 : Sans savon, sans alcool et sans paraben.<\/p>\n<p style=\"text-align: right;\">\u064a\u0646\u0638\u0641 \u0627\u0644\u0628\u0634\u0631\u0629 \u0628\u0644\u0637\u0641\u060c \u064a\u0632\u064a\u0644 \u0627\u0644\u0634\u0648\u0627\u0626\u0628 \u0648\u064a\u0642\u0644\u0644 \u0627\u0644\u062f\u0647\u0648\u0646 \u0627\u0644\u0632\u0627\u0626\u062f\u0629 \u062f\u0648\u0646 \u062a\u062c\u0641\u064a\u0641 \u0627\u0644\u062c\u0644\u062f. \u062a\u0631\u0643\u064a\u0628\u0629 \u0645\u062a\u0648\u0627\u0632\u0646\u0629 \u062a\u0642\u0644\u0644 \u0627\u0644\u0639\u064a\u0648\u0628 \u0628\u0634\u0643\u0644 \u0645\u0644\u062d\u0648\u0638.<br \/>\n* \u0646\u0648\u0639 \u0627\u0644\u0628\u0634\u0631\u0629: \u0627\u0644\u062f\u0647\u0646\u064a\u0629\u060c \u0627\u0644\u062d\u0633\u0627\u0633\u0629 \u0648\u0627\u0644\u0645\u0639\u0631\u0636\u0629 \u0644\u062d\u0628 \u0627\u0644\u0634\u0628\u0627\u0628.<br \/>\n* \u0627\u0644\u0645\u0645\u064a\u0632\u0627\u062a: \u064a\u0646\u0642\u064a \u0627\u0644\u0628\u0634\u0631\u0629 \u0628\u0639\u0645\u0642 \u0648\u064a\u062d\u0627\u0641\u0638 \u0639\u0644\u0649 \u062a\u0648\u0627\u0632\u0646\u0647\u0627 \u0627\u0644\u0637\u0628\u064a\u0639\u064a.<br \/>\n* \u0627\u0644\u0623\u0645\u0627\u0646: \u062e\u0627\u0644\u064a \u0645\u0646 \u0627\u0644\u0635\u0627\u0628\u0648\u0646\u060c \u0627\u0644\u0643\u062d\u0648\u0644\u060c \u0648\u0627\u0644\u0628\u0627\u0631\u0627\u0628\u064a\u0646.<\/p>\n","protected":false},"excerpt":{"rendered":"<p>Nettoie en douceur, \u00e9limine les impuret\u00e9s et r\u00e9duit l&rsquo;exc\u00e8s de s\u00e9bum sans dess\u00e9cher. Sa formule \u00e9quilibre le pH de la peau pour r\u00e9duire les imperfections. * Type de peau : [&hellip;]<\/p>\n","protected":false},"featured_media":85,"comment_status":"open","ping_status":"closed","template":"","meta":[],"product_brand":[],"product_cat":[17],"product_tag":[],"class_list":{"0":"post-84","1":"product","2":"type-product","3":"status-publish","4":"has-post-thumbnail","6":"product_cat-nettoyage-du-visage","8":"first","9":"instock","10":"sale","11":"shipping-taxable","12":"purchasable","13":"product-type-simple"},"_links":{"self":[{"href":"https:\/\/dermavita.tn\/index.php?rest_route=\/wp\/v2\/product\/84","targetHints":{"allow":["GET"]}}],"collection":[{"href":"https:\/\/dermavita.tn\/index.php?rest_route=\/wp\/v2\/product"}],"about":[{"href":"https:\/\/dermavita.tn\/index.php?rest_route=\/wp\/v2\/types\/product"}],"replies":[{"embeddable":true,"href":"https:\/\/dermavita.tn\/index.php?rest_route=%2Fwp%2Fv2%2Fcomments&post=84"}],"wp:featuredmedia":[{"embeddable":true,"href":"https:\/\/dermavita.tn\/index.php?rest_route=\/wp\/v2\/media\/85"}],"wp:attachment":[{"href":"https:\/\/dermavita.tn\/index.php?rest_route=%2Fwp%2Fv2%2Fmedia&parent=84"}],"wp:term":[{"taxonomy":"product_brand","embeddable":true,"href":"https:\/\/dermavita.tn\/index.php?rest_route=%2Fwp%2Fv2%2Fproduct_brand&post=84"},{"taxonomy":"product_cat","embeddable":true,"href":"https:\/\/dermavita.tn\/index.php?rest_route=%2Fwp%2Fv2%2Fproduct_cat&post=84"},{"taxonomy":"product_tag","embeddable":true,"href":"https:\/\/dermavita.tn\/index.php?rest_route=%2Fwp%2Fv2%2Fproduct_tag&post=84"}],"curies":[{"name":"wp","href":"https:\/\/api.w.org\/{rel}","templated":true}]}}