{"id":89,"date":"2026-05-06T05:33:00","date_gmt":"2026-05-06T03:33:00","guid":{"rendered":"https:\/\/dermavita.tn\/?post_type=product&#038;p=89"},"modified":"2026-05-06T05:33:00","modified_gmt":"2026-05-06T03:33:00","slug":"lipikar-baume-apm-triple-reparation-400ml","status":"publish","type":"product","link":"https:\/\/dermavita.tn\/?product=lipikar-baume-apm-triple-reparation-400ml","title":{"rendered":"Lipikar Baume AP+M &#8211; Triple R\u00e9paration (400ml)"},"content":{"rendered":"<p>Un baume triple-r\u00e9paration qui apaise imm\u00e9diatement la peau et r\u00e9duit le grattage. Sa formule agit sur le microbiome pour espacer les pics de s\u00e9cheresse s\u00e9v\u00e8re.<br \/>\n* Type de peau : Peaux tr\u00e8s s\u00e8ches, tendance \u00e0 l&rsquo;ecz\u00e9ma atopique.<br \/>\n* B\u00e9n\u00e9fices : Anti-grattage, anti-rechute et apaisement imm\u00e9diat.<br \/>\n* Usage : Nourrissons, enfants et adultes. Absorption rapide sans fini gras.<\/p>\n<p style=\"text-align: right;\">\u0628\u0644\u0633\u0645 \u0644\u0644\u0625\u0635\u0644\u0627\u062d \u0627\u0644\u062b\u0644\u0627\u062b\u064a \u064a\u0647\u062f\u0626 \u0627\u0644\u0628\u0634\u0631\u0629 \u0641\u0648\u0631\u0627\u064b \u0648\u064a\u0642\u0644\u0644 \u0645\u0646 \u0627\u0644\u0631\u063a\u0628\u0629 \u0641\u064a \u0627\u0644\u062d\u0643\u0629. \u062a\u0639\u0645\u0644 \u062a\u0631\u0643\u064a\u0628\u062a\u0647 \u0639\u0644\u0649 \u062a\u0648\u0627\u0632\u0646 \u0627\u0644\u0645\u064a\u0643\u0631\u0648\u0628\u064a\u0648\u0645 \u0644\u0645\u0646\u0639 \u062a\u0643\u0631\u0627\u0631 \u0646\u0648\u0628\u0627\u062a \u0627\u0644\u062c\u0641\u0627\u0641 \u0627\u0644\u0634\u062f\u064a\u062f.<br \/>\n* \u0646\u0648\u0639 \u0627\u0644\u0628\u0634\u0631\u0629: \u0627\u0644\u0628\u0634\u0631\u0629 \u0634\u062f\u064a\u062f\u0629 \u0627\u0644\u062c\u0641\u0627\u0641 \u0648\u0627\u0644\u0645\u0639\u0631\u0636\u0629 \u0644\u0644\u0623\u0643\u0632\u064a\u0645\u0627 \u0627\u0644\u062a\u0623\u062a\u0628\u064a\u0629.<br \/>\n* \u0627\u0644\u0645\u0645\u064a\u0632\u0627\u062a: \u0645\u0636\u0627\u062f \u0644\u0644\u062d\u0643\u0629\u060c \u0645\u0636\u0627\u062f \u0644\u0644\u0627\u0646\u062a\u0643\u0627\u0633\u060c \u0648\u0631\u0627\u062d\u0629 \u0641\u0648\u0631\u064a\u0629 \u062a\u062f\u0648\u0645 \u0637\u0648\u064a\u0644\u0627\u064b.<br \/>\n* \u0627\u0644\u0627\u0633\u062a\u062e\u062f\u0627\u0645: \u0645\u0646\u0627\u0633\u0628 \u0644\u0644\u0631\u0636\u0639\u060c \u0627\u0644\u0623\u0637\u0641\u0627\u0644\u060c \u0648\u0627\u0644\u0643\u0628\u0627\u0631. \u0633\u0631\u064a\u0639 \u0627\u0644\u0627\u0645\u062a\u0635\u0627\u0635 \u0648\u063a\u064a\u0631 \u062f\u0647\u0646\u064a.<\/p>\n","protected":false},"excerpt":{"rendered":"<p>Un baume triple-r\u00e9paration qui apaise imm\u00e9diatement la peau et r\u00e9duit le grattage. Sa formule agit sur le microbiome pour espacer les pics de s\u00e9cheresse s\u00e9v\u00e8re. * Type de peau : [&hellip;]<\/p>\n","protected":false},"featured_media":90,"comment_status":"open","ping_status":"closed","template":"","meta":[],"product_brand":[],"product_cat":[18],"product_tag":[],"class_list":{"0":"post-89","1":"product","2":"type-product","3":"status-publish","4":"has-post-thumbnail","6":"product_cat-hydratation-reparation","8":"first","9":"instock","10":"sale","11":"shipping-taxable","12":"purchasable","13":"product-type-simple"},"_links":{"self":[{"href":"https:\/\/dermavita.tn\/index.php?rest_route=\/wp\/v2\/product\/89","targetHints":{"allow":["GET"]}}],"collection":[{"href":"https:\/\/dermavita.tn\/index.php?rest_route=\/wp\/v2\/product"}],"about":[{"href":"https:\/\/dermavita.tn\/index.php?rest_route=\/wp\/v2\/types\/product"}],"replies":[{"embeddable":true,"href":"https:\/\/dermavita.tn\/index.php?rest_route=%2Fwp%2Fv2%2Fcomments&post=89"}],"wp:featuredmedia":[{"embeddable":true,"href":"https:\/\/dermavita.tn\/index.php?rest_route=\/wp\/v2\/media\/90"}],"wp:attachment":[{"href":"https:\/\/dermavita.tn\/index.php?rest_route=%2Fwp%2Fv2%2Fmedia&parent=89"}],"wp:term":[{"taxonomy":"product_brand","embeddable":true,"href":"https:\/\/dermavita.tn\/index.php?rest_route=%2Fwp%2Fv2%2Fproduct_brand&post=89"},{"taxonomy":"product_cat","embeddable":true,"href":"https:\/\/dermavita.tn\/index.php?rest_route=%2Fwp%2Fv2%2Fproduct_cat&post=89"},{"taxonomy":"product_tag","embeddable":true,"href":"https:\/\/dermavita.tn\/index.php?rest_route=%2Fwp%2Fv2%2Fproduct_tag&post=89"}],"curies":[{"name":"wp","href":"https:\/\/api.w.org\/{rel}","templated":true}]}}